 thousands digit of 733531?
7
What is the hundreds digit of 368911?
9
What is the units digit of 7068532?
2
What is the millions digit of 2851375?
2
What is the thousands digit of 2734800?
4
What is the ten thousands digit of 3300978?
0
What is the thousands digit of 25581?
5
What is the units digit of 1364789?
9
What is the tens digit of 144898?
9
What is the hundred thousands digit of 264353?
2
What is the millions digit of 7581301?
7
What is the tens digit of 161887?
8
What is the hundred thousands digit of 5850202?
8
What is the millions digit of 2292279?
2
What is the ten thousands digit of 207355?
0
What is the tens digit of 48970?
7
What is the tens digit of 2271130?
3
What is the units digit of 34290600?
0
What is the thousands digit of 4316339?
6
What is the hundred thousands digit of 5249363?
2
What is the ten thousands digit of 158116?
5
What is the hundred thousands digit of 1633769?
6
What is the units digit of 852303?
3
What is the thousands digit of 202790?
2
What is the ten thousands digit of 2074604?
7
What is the hundreds digit of 5274822?
8
What is the units digit of 666241?
1
What is the millions digit of 6440959?
6
What is the thousands digit of 13270594?
0
What is the millions digit of 2402118?
2
What is the hundreds digit of 10459868?
8
What is the tens digit of 277687?
8
What is the hundred thousands digit of 3267076?
2
What is the ten thousands digit of 8572251?
7
What is the ten thousands digit of 41348?
4
What is the tens digit of 856373?
7
What is the hundred thousands digit of 1979045?
9
What is the hundred thousands digit of 1017811?
0
What is the hundred thousands digit of 10214023?
2
What is the ten thousands digit of 950866?
5
What is the ten thousands digit of 19695985?
9
What is the hundred thousands digit of 21637599?
6
What is the thousands digit of 838455?
8
What is the hundred thousands digit of 881245?
8
What is the units digit of 225800?
0
What is the hundreds digit of 129575?
5
What is the hundred thousands digit of 618650?
6
What is the millions digit of 1050340?
1
What is the millions digit of 3526092?
3
What is the thousands digit of 134673?
4
What is the ten thousands digit of 748700?
4
What is the hundred thousands digit of 12012848?
0
What is the hundreds digit of 16110568?
5
What is the ten thousands digit of 232980?
3
What is the thousands digit of 378947?
8
What is the thousands digit of 202591?
2
What is the hundreds digit of 291867?
8
What is the hundreds digit of 835045?
0
What is the hundreds digit of 1613766?
7
What is the ten thousands digit of 1318680?
1
What is the hundreds digit of 8069?
0
What is the hundred thousands digit of 163857?
1
What is the hundreds digit of 662384?
3
What is the thousands digit of 574393?
4
What is the thousands digit of 605163?
5
What is the tens digit of 170791?
9
What is the hundreds digit of 1045193?
1
What is the ten thousands digit of 4312964?
1
What is the hundred thousands digit of 1165618?
1
What is the ten thousands digit of 5456389?
5
What is the hundreds digit of 2456965?
9
What is the hundred thousands digit of 8648906?
6
What is the hundred thousands digit of 16214891?
2
What is the ten millions digit of 11354683?
1
What is the thousands digit of 2455991?
5
What is the ten thousands digit of 4964679?
6
What is the hundred thousands digit of 957203?
9
What is the units digit of 129324?
4
What is the thousands digit of 932501?
2
What is the hundred thousands digit of 334529?
3
What is the units digit of 2926103?
3
What is the units digit of 1500859?
9
What is the millions digit of 2927798?
2
What is the thousands digit of 297666?
7
What is the thousands digit of 810878?
0
What is the hundred thousands digit of 6650627?
6
What is the units digit of 1797550?
0
What is the hundred thousands digit of 146142?
1
What is the tens digit of 25700580?
8
What is the hundred thousands digit of 200717?
2
What is the hundreds digit of 2295919?
9
What is the ten thousands digit of 19164?
1
What is the units digit of 1267746?
6
What is the units digit of 27092047?
7
What is the thousands digit of 728616?
8
What is the millions digit of 3390160?
3
What is the hundred thousands digit of 17019293?
0
What is the hundred thousands digit of 11550346?
5
What is the tens digit of 1010540?
4
What is the ten thousands digit of 2223450?
2
What is the thousands digit of 336543?
6
What is the tens digit of 2093953?
5
What is the units digit of 14985?
5
What is the hundreds digit of 22524300?
3
What is the units digit of 1172694?
4
What is the ten thousands digit of 379345?
7
What is the ten thousands digit of 37801622?
0
What is the thousands digit of 1482354?
2
What is the hundred thousands digit of 176611?
1
What is the hundreds digit of 355417?
4
What is the thousands digit of 3557848?
7
What is the units digit of 640818?
8
What is the ten thousands digit of 320900?
2
What is the thousands digit of 14691?
4
What is the ten thousands digit of 2245618?
4
What is the ten thousands digit of 23745282?
4
What is the hundreds digit of 388587?
5
What is the hundred thousands digit of 10789158?
7
What is the millions digit of 1207855?
1
What is the tens digit of 62802?
0
What is the ten thousands digit of 19297116?
9
What is the thousands digit of 334501?
4
What is the ten thousands digit of 65796?
6
What is the ten thousands digit of 20565245?
6
What is the tens digit of 3483604?
0
What is the units digit of 1340529?
9
What is the tens digit of 849884?
8
What is the hundreds digit of 304459?
4
What is the thousands digit of 342778?
2
What is the thousands digit of 9072742?
2
What is the hundreds digit of 222516?
5
What is the hundreds digit of 4912439?
4
What is the tens digit of 6284677?
7
What is the millions digit of 2256374?
2
What is the hundreds digit of 1263259?
2
What is the hundreds digit of 3983071?
0
What is the hundred thousands digit of 7652801?
6
What is the ten thousands digit of 48039?
4
What is the ten thousands digit of 5343296?
4
What is the tens digit of 46766?
6
What is the hundreds digit of 207132?
1
What is the units digit of 689?
9
What is the hundreds digit of 13921?
9
What is the thousands digit of 103115?
3
What is the thousands digit of 316309?
6
What is the hundred thousands digit of 292031?
2
What is the tens digit of 616830?
3
What is the units digit of 37598?
8
What is the units digit of 2574811?
1
What is the units digit of 88826?
6
What is the hundreds digit of 31914?
9
What is the ten thousands digit of 27658?
2
What is the units digit of 3906258?
8
What is the ten thousands digit of 426422?
2
What is the ten thousands digit of 938954?
3
What is the units digit of 1904655?
5
What is the ten thousands digit of 35164300?
6
What is the thousands digit of 8501362?
1
What is the thousands digit of 167884?
7
What is the hundred thousands digit of 126459?
1
What is the millions digit of 8763242?
8
What is the ten thousands digit of 213696?
1
What is the hundreds digit of 396311?
3
What is the millions digit of 1510297?
1
What is the tens digit of 368832?
3
What is the hundreds digit of 1531999?
9
What is the hundred thousands digit of 9206775?
2
What is the tens digit of 8350?
5
What is the units digit of 7966012?
2
What is the hundred thousands digit of 261001?
2
What is the ten thousands digit of 3349766?
4
What is the hundred thousands digit of 947266?
9
What is the hundreds digit of 5725365?
3
What is the hundred thousands digit of 7203174?
2
What is the tens digit of 499438?
3
What is the hundreds digit of 897358?
3
What is the tens digit of 5714815?
1
What is the units digit of 7085?
5
What is the hundred thousands digit of 182559?
1
What is the ten thousands digit of 164560?
6
What is the hundred thousands digit of 2935900?
9
What is the hundred thousands digit of 403077?
4
What is the units digit of 55977?
7
What is the hundreds digit of 22728195?
1
What is the tens digit of 630622?
2
What is the hundred thousands digit of 892094?
8
What is the ten millions digit of 16167714?
1
What is the hundred thousands digit of 393338?
3
What is the hundreds digit of 8409355?
3
What is the thousands digit of 113308?
3
What is the units digit of 19230853?
3
What is the ten thousands digit of 204115?
0
What is the ten thousands digit of 519152?
1
What i